hat are the prime factors of 14/4*(-68944)/(-62)?
2, 7, 139
List the prime factors of (12/20*(18 + -81478))/(2/(-2)).
2, 3, 4073
Let h(w) = 13*w**3 + 4*w**2 - w + 9. Let a(g) = -14*g**3 - 5*g**2 + g - 10. Let p(t) = 4*a(t) + 5*h(t). List the prime factors of p(4).
577
Let m = 7222 - 301. List the prime factors of m.
3, 769
Let g(r) = -20*r**2 + 43*r**2 - 6 + 1 - 6*r + 70*r**2. What are the prime factors of g(4)?
1459
Suppose 2*a - 99716 = -2*p + 35542, -2*a + 2*p = -135254. What are the prime factors of a?
2, 11, 29, 53
Suppose -5*x + 359 = -3*h, 6*h - h = 4*x - 607. Let v = h - -385. What are the prime factors of v?
2, 131
Suppose 10 = -6*c + c - 5*y, -c - 8 = -5*y. List the prime factors of (9 + c)/((-4)/(1176/(-9))).
2, 7
Let m(h) = 5 - 2 + 1 + 36*h. Let d be m(-2). List the prime factors of d/(-2) - (4 + -3)/1.
3, 11
Suppose 8*f = 3055 + 1281. Suppose 5*y = -4*l + 1235, -l - 222 = 5*y - f. What are the prime factors of l?
5, 61
Let g(l) = 20*l - 1 + l**3 - 7 - 7*l**2 + 25*l**2. Suppose 17*r = 18*r - p + 20, 0 = 2*p - 8. What are the prime factors of g(r)?
2, 23
Suppose -4*c + 1 = -c + 2*t, 2*c - 1 = -t. Let w(u) = 48*u + 1 + c + 5*u. What are the prime factors of w(2)?
2, 3
Let i = 561 - -1104. What are the prime factors of i?
3, 5, 37
Suppose 5*v = 5*o - 38370, -o + 9604 = 5*v + 1900. List the prime factors of o.
7, 1097
Suppose g - 84671 = -4*n, -2*n - 5*g + 84683 = 2*n. What are the prime factors of n?
61, 347
Let p be (-2 + 10/8)/3*4. Let a(i) = -228*i - 27. What are the prime factors of a(p)?
3, 67
What are the prime factors of ((-63)/(-18))/((-1)/(-2)) - -19592?
3, 47, 139
Let w(k) = 18*k**2 + 10*k - 32. Suppose 5*f + 3*l - 13 = 21, 0 = -2*f + 2*l + 4. List the prime factors of w(f).
2, 3, 13
Suppose -18261 = -3*y + 43385 - 15587. What are the prime factors of y?
13, 1181
Suppose 100 = x - 6*x. Let y = -283 + 297. Let f = y - x. List the prime factors of f.
2, 17
Suppose 2*r = -l - 2 + 4, 2*l = 5*r + 4. Suppose d - 14 - 150 = r. Let g = d - 91. What are the prime factors of g?
73
Let h(w) = 5359*w + 144. Let c be h(7). Suppose c - 6605 = 28*g. What are the prime factors of g?
1109
Let y be 142*(-3)/24*-4. Let k = 56 - y. Let w = k + 102. What are the prime factors of w?
3, 29
Let r(g) = -2*g**3 - 10*g**2 - 4*g + 6. Let p be r(-10). Suppose -p = 12*b - 6278. Suppose n + 5*o - 428 = -2*n, -3*n = o - b. List the prime factors of n.
2, 73
Let q be 3462*6/8*(-2)/3. Let h = q - -2663. What are the prime factors of h?
2, 233
Let n be ((-30)/(-4))/((-21)/560*-8). What are the prime factors of 521 + 1 - 150/n?
2, 3, 43
Let w(g) = g**3 + 21*g**2 - 8*g - 42. What are the prime factors of w(-10)?
2, 569
Suppose 2*j + 2*d = 22122, -5*d = j - 4159 - 6878. What are the prime factors of j?
3, 7, 17, 31
Suppose 12*o + 9*o = 23*o - 30430. What are the prime factors of o?
5, 17, 179
Let n(y) = -5*y + 26. Let h be n(-6). Suppose -5*u + 4*u - h = -5*g, 4*u - 40 = -2*g. Let o = g - -25. List the prime factors of o.
37
Let s = 3407 - 624. List the prime factors of s.
11, 23
Let d(t) = t**3 + 21*t**2 + 16*t + 19. Let m(h) = -4*h - 3. Let y be m(2). Let v be (y - -15)/(1/(-5)). What are the prime factors of d(v)?
3, 11
Let g(w) = -w**3 + 13*w**2 - 15*w + 18. Suppose 0 = -o - 4*f + 26, 5*o - 6*o + 4*f - 6 = 0. Let x be g(o). Let c = 254 - x. What are the prime factors of c?
2, 43
Let r(m) = 2*m**3 - 8*m**2 + 11*m - 11. Let i be r(8). Let o be 10*(372/10 - -4). Let u = i - o. What are the prime factors of u?
3, 59
Suppose 2*r - 14*b = -18*b + 4622, -2*b = 4*r - 9268. What are the prime factors of r?
3, 773
Let u be -5 + (-8 - (-7 - 9)). Let p(c) = 60*c**2 + 20*c - 38. List the prime factors of p(u).
2, 281
Let z(l) = l - 70. Let s be z(4). What are the prime factors of (-1)/2 - 65175/s?
3, 7, 47
Suppose -3*s + 335*t = 330*t - 19402, -s + 6470 = -3*t. List the prime factors of s.
2, 101
Let d be 32 - 27 - (-2)/(4/(-2)). Suppose 0 = 2*m + 2*g - 1076, -d*g - g = m - 550. What are the prime factors of m?
5, 107
Let a(f) be the first derivative of f**3 - f**2/2 + 15. Let k(c) = c**3 - 5*c**2 - c + 2. Let w be k(5). List the prime factors of a(w).
2, 3, 5
Suppose 4*h = 3*h - 3*b - 1, 0 = -4*b. Let a be 0*h*(0 + -1) - 0. Suppose -j - 3*j + 396 = a. List the prime factors of j.
3, 11
Suppose -5*c + 5*u = 10, 0*c + 14 = 3*c + u. Suppose -2*a + 25 = c*a. Suppose a = -34*j + 35*j. What are the prime factors of j?
5
Suppose -5*c = -u - 0*u + 16, 0 = 3*c + 6. Let z be 0 + 2 + (-82)/(-4)*u. Suppose -z*v = -124*v - 157. List the prime factors of v.
157
Suppose 0 = a + 4*a - a. Suppose a = -7*u - 7*u + 9310. What are the prime factors of u?
5, 7, 19
Suppose -5*i = -47 + 22. Suppose -128 - 612 = -i*p. Let j = p + -104. What are the prime factors of j?
2, 11
Let j(t) = -4*t + 20. Let i(r) = 5*r - 30. Let x be i(7). Let n be j(x). What are the prime factors of (n + -1)*-2*(-144)/(-1)?
2, 3
Let h(b) = 39*b - 22. Let k be h(9). Let o = -33 + k. Suppose -5*a - o = -4*z, -4*z - z = -a - 349. List the prime factors of z.
3, 23
Suppose -13*b + 9534 = -6*b. What are the prime factors of b/4*1 + 2/(-4)?
2, 5, 17
Let b be (-2)/(-6) - (-45492)/36. Suppose -1676 = -5*p + b. List the prime factors of p.
2, 3, 7
Suppose 13962*l - 13942*l - 158300 = 0. List the prime factors of l.
5, 1583
Suppose -3*j + 47*r = 49*r - 66, -5*j + 110 = 5*r. What are the prime factors of 550/j*(-2 - -25)?
5, 23
Suppose -9*z = 7565 + 19885. Let u = -2178 - z. List the prime factors of u.
2, 109
Suppose -1540 = -d + 3*b, 6*d = 7*d - b - 1536. Let j = -748 + d. Let x = -557 + j. List the prime factors of x.
229
Let u(r) = -600*r - 22. Let i be u(-4). Let f = i + -1520. What are the prime factors of f?
2, 3, 11, 13
Let r(v) = -4*v + 13. Let c be r(2). Suppose 0 = 5*h - 7 + 2, 2*z = -c*h + 1343. What are the prime factors of z?
3, 223
Let l(h) = -h**3 - 6*h**2 - 2*h - 7. Let s be l(-6). Suppose -140 = -0*v + 3*v + s*t, 1 = -t. List the prime factors of (-3)/2*-93*(-10)/v.
31
Suppose -5*v + 2330 = 3*z - 9*v, 4*z - 4*v = 3112. Suppose 0 = 2*b + b - 2*r - 2336, z = b + r. List the prime factors of b.
2, 3, 5, 13
Let o = 51491 + -23441. List the prime factors of o.
2, 3, 5, 11, 17
Let k = 20 + -23. Let d be (12/(-20))/(k/15). Suppose -w = n + d*w - 7, 5*w - 14 = -3*n. List the prime factors of n.
3
Let c be 2 + 423*1 + -2. Let i = -244 - -246. Suppose -i*r - r = -c. What are the prime factors of r?
3, 47
List the prime factors of (50*(-97)/3)/(10/(-15)).
5, 97
Let a(v) = v**3 - 23*v**2 + 9*v + 6. Suppose -u = 44 - 67. List the prime factors of a(u).
3, 71
Let k = -95 - -77. Let u = k - -30. What are the prime factors of (92/16)/(2 - 21/u)?
23
List the prime factors of (17975/200 + 3/24)*2260/6.
2, 3, 5, 113
Suppose 0 = -13*j + 17*j - 20. Suppose 155 = j*t - 0*t. Suppose -2*x + 3*x + 5*k = 40, 0 = x - 4*k - t. List the prime factors of x.
5, 7
Let c be ((-20)/6)/(1/((-6)/4)). Let b be (1038/c)/(9/(-45)). What are the prime factors of (b/6)/(2 - (0 + 3))?
173
Suppose 0 = -953*g + 954*g + 4*j - 4672, 4*g - 5*j - 18772 = 0. What are the prime factors of g?
2, 293
Let k be 14287 - 30/24*-4. List the prime factors of (k/6)/6*2*1.
2, 397
Let g be -6*(-3)/(-126) + (-3026)/(-14). Suppose 225*w - 2781 = g*w. What are the prime factors of w?
3, 103
Suppose 20339 = 103*h + 142665 - 1588119. What are the prime factors of h?
7, 19, 107
Let u(i) = -2*i**3. Let y be u(-1). Suppose -4*v = -5*v + y. Suppose v*n = 5*p + 3*n - 36, -5*n = -p + 2. What are the prime factors of p?
7
Suppose -f - 4*u + 9442 = 0, 0 = -5*f - 17*u + 20*u + 47233. List the prime factors of f.
2, 4723
Let x(a) be the first derivative of -3*a - 44 + 61/3*a**3 - 1/2*a**2. List the prime factors of x(-2).
3
Let k(o) = -2*o**3 + 62*o**2 - 48*o - 60. List the prime factors of k(30).
2, 3, 5
Suppose -f + 2 = -2*n, -4*n + 1 = -f + 3. Suppose -2*o - 1400 = -6*o + 4*i, 0 = o + f*i - 338. What are the prime factors of o?
2, 173
Let i = -21920 - -37730. List the prime factors of i.
2, 3, 5, 17, 31
Let d = -82 - -84. Suppose d*a = -4*z + 2*z + 254, 3*a = 4*z + 388. Suppose 2*v + 76 = o, 4*o + 4*v = 468 - a. List the prime factors of o.
2, 41
Let m = -29105 - -49388. What are the prime factors of m?
3, 6761
Let d(y) = 464*y**2 - 65*y + 7. List the prime factors of d(-3).
2,